{"id":12035,"date":"2022-04-23T18:07:52","date_gmt":"2022-04-23T18:07:52","guid":{"rendered":"https:\/\/lacocinasana.com\/clubcocinasana\/?page_id=12035"},"modified":"2024-06-06T09:16:16","modified_gmt":"2024-06-06T09:16:16","slug":"politica-de-cookies","status":"publish","type":"page","link":"https:\/\/lacocinasana.com\/clubcocinasana\/politica-de-cookies\/","title":{"rendered":"Pol\u00edtica de cookies"},"content":{"rendered":"<h1>Pol\u00edtica de cookies<\/h1>\n<div>\n<p>    <script id=\"CookieDeclaration\" src=\"https:\/\/consent.cookiebot.com\/64dee43d-0efc-46f8-8826-5d49438f77cc\/cd.js\" type=\"text\/javascript\" async><\/script>\n<\/div>\n<p><!--more--><br \/>\n<!-- {\"type\":\"layout\",\"children\":[{\"type\":\"section\",\"props\":{\"style\":\"default\",\"width\":\"default\",\"vertical_align\":\"middle\",\"title_position\":\"top-left\",\"title_rotation\":\"left\",\"title_breakpoint\":\"xl\",\"image_position\":\"center-center\"},\"children\":[{\"type\":\"row\",\"children\":[{\"type\":\"column\",\"props\":{\"image_position\":\"center-center\",\"media_overlay_gradient\":\"\"},\"children\":[{\"type\":\"headline\",\"props\":{\"title_element\":\"h1\",\"content\":\"Pol\\u00edtica de cookies\"}},{\"type\":\"html\",\"props\":{\"content\":\"<script id=\\\"CookieDeclaration\\\" src=\\\"https:\\\/\\\/consent.cookiebot.com\\\/64dee43d-0efc-46f8-8826-5d49438f77cc\\\/cd.js\\\" type=\\\"text\\\/javascript\\\" async><\\\/script>\"}}]}]}]}],\"version\":\"2.6.9\"} --><\/p>","protected":false},"excerpt":{"rendered":"<p>Pol\u00edtica de cookies<\/p>\n","protected":false},"author":1,"featured_media":0,"parent":0,"menu_order":114,"comment_status":"closed","ping_status":"closed","template":"","meta":{"footnotes":""},"class_list":["post-12035","page","type-page","status-publish","hentry"],"yoast_head":"<!-- This site is optimized with the Yoast SEO plugin v21.1 - https:\/\/yoast.com\/wordpress\/plugins\/seo\/ -->\n<title>Pol\u00edtica de cookies - M\u00e9todo Antiinflamatorio de Paola Procell<\/title>\n<meta name=\"robots\" content=\"index, follow, max-snippet:-1, max-image-preview:large, max-video-preview:-1\" \/>\n<link rel=\"canonical\" href=\"https:\/\/lacocinasana.com\/clubcocinasana\/politica-de-cookies\/\" \/>\n<meta property=\"og:locale\" content=\"es_ES\" \/>\n<meta property=\"og:type\" content=\"article\" \/>\n<meta property=\"og:title\" content=\"Pol\u00edtica de cookies - M\u00e9todo Antiinflamatorio de Paola Procell\" \/>\n<meta property=\"og:description\" content=\"Pol\u00edtica de cookies\" \/>\n<meta property=\"og:url\" content=\"https:\/\/lacocinasana.com\/clubcocinasana\/politica-de-cookies\/\" \/>\n<meta property=\"og:site_name\" content=\"M\u00e9todo Antiinflamatorio de Paola Procell\" \/>\n<meta property=\"article:publisher\" content=\"https:\/\/www.facebook.com\/lacocinasanaoficial\" \/>\n<meta property=\"article:modified_time\" content=\"2024-06-06T09:16:16+00:00\" \/>\n<meta name=\"twitter:card\" content=\"summary_large_image\" \/>\n<script type=\"application\/ld+json\" class=\"yoast-schema-graph\">{\"@context\":\"https:\/\/schema.org\",\"@graph\":[{\"@type\":\"WebPage\",\"@id\":\"https:\/\/lacocinasana.com\/clubcocinasana\/politica-de-cookies\/\",\"url\":\"https:\/\/lacocinasana.com\/clubcocinasana\/politica-de-cookies\/\",\"name\":\"Pol\u00edtica de cookies - M\u00e9todo Antiinflamatorio de Paola Procell\",\"isPartOf\":{\"@id\":\"https:\/\/lacocinasana.com\/clubcocinasana\/#website\"},\"datePublished\":\"2022-04-23T18:07:52+00:00\",\"dateModified\":\"2024-06-06T09:16:16+00:00\",\"breadcrumb\":{\"@id\":\"https:\/\/lacocinasana.com\/clubcocinasana\/politica-de-cookies\/#breadcrumb\"},\"inLanguage\":\"es\",\"potentialAction\":[{\"@type\":\"ReadAction\",\"target\":[\"https:\/\/lacocinasana.com\/clubcocinasana\/politica-de-cookies\/\"]}]},{\"@type\":\"BreadcrumbList\",\"@id\":\"https:\/\/lacocinasana.com\/clubcocinasana\/politica-de-cookies\/#breadcrumb\",\"itemListElement\":[{\"@type\":\"ListItem\",\"position\":1,\"name\":\"Portada\",\"item\":\"https:\/\/lacocinasana.com\/clubcocinasana\/\"},{\"@type\":\"ListItem\",\"position\":2,\"name\":\"Pol\u00edtica de cookies\"}]},{\"@type\":\"WebSite\",\"@id\":\"https:\/\/lacocinasana.com\/clubcocinasana\/#website\",\"url\":\"https:\/\/lacocinasana.com\/clubcocinasana\/\",\"name\":\"M\u00e9todo Antiinflamatorio de Paola Procell\",\"description\":\"El m\u00e9todo antiinflamatorio\",\"publisher\":{\"@id\":\"https:\/\/lacocinasana.com\/clubcocinasana\/#organization\"},\"potentialAction\":[{\"@type\":\"SearchAction\",\"target\":{\"@type\":\"EntryPoint\",\"urlTemplate\":\"https:\/\/lacocinasana.com\/clubcocinasana\/?s={search_term_string}\"},\"query-input\":\"required name=search_term_string\"}],\"inLanguage\":\"es\"},{\"@type\":\"Organization\",\"@id\":\"https:\/\/lacocinasana.com\/clubcocinasana\/#organization\",\"name\":\"La Cocina Sana\",\"url\":\"https:\/\/lacocinasana.com\/clubcocinasana\/\",\"logo\":{\"@type\":\"ImageObject\",\"inLanguage\":\"es\",\"@id\":\"https:\/\/lacocinasana.com\/clubcocinasana\/#\/schema\/logo\/image\/\",\"url\":\"https:\/\/lacocinasana.com\/clubcocinasana\/wp-content\/uploads\/2021\/06\/LOGO_ALLO.png\",\"contentUrl\":\"https:\/\/lacocinasana.com\/clubcocinasana\/wp-content\/uploads\/2021\/06\/LOGO_ALLO.png\",\"width\":535,\"height\":480,\"caption\":\"La Cocina Sana\"},\"image\":{\"@id\":\"https:\/\/lacocinasana.com\/clubcocinasana\/#\/schema\/logo\/image\/\"},\"sameAs\":[\"https:\/\/www.facebook.com\/lacocinasanaoficial\",\"https:\/\/www.instagram.com\/paola_cocinasana\/\",\"https:\/\/www.pinterest.es\/lacocinasanaoficial\/_created\/\"]}]}<\/script>\n<!-- \/ Yoast SEO plugin. -->","yoast_head_json":{"title":"Pol\u00edtica de cookies - M\u00e9todo Antiinflamatorio de Paola Procell","robots":{"index":"index","follow":"follow","max-snippet":"max-snippet:-1","max-image-preview":"max-image-preview:large","max-video-preview":"max-video-preview:-1"},"canonical":"https:\/\/lacocinasana.com\/clubcocinasana\/politica-de-cookies\/","og_locale":"es_ES","og_type":"article","og_title":"Pol\u00edtica de cookies - M\u00e9todo Antiinflamatorio de Paola Procell","og_description":"Pol\u00edtica de cookies","og_url":"https:\/\/lacocinasana.com\/clubcocinasana\/politica-de-cookies\/","og_site_name":"M\u00e9todo Antiinflamatorio de Paola Procell","article_publisher":"https:\/\/www.facebook.com\/lacocinasanaoficial","article_modified_time":"2024-06-06T09:16:16+00:00","twitter_card":"summary_large_image","schema":{"@context":"https:\/\/schema.org","@graph":[{"@type":"WebPage","@id":"https:\/\/lacocinasana.com\/clubcocinasana\/politica-de-cookies\/","url":"https:\/\/lacocinasana.com\/clubcocinasana\/politica-de-cookies\/","name":"Pol\u00edtica de cookies - M\u00e9todo Antiinflamatorio de Paola Procell","isPartOf":{"@id":"https:\/\/lacocinasana.com\/clubcocinasana\/#website"},"datePublished":"2022-04-23T18:07:52+00:00","dateModified":"2024-06-06T09:16:16+00:00","breadcrumb":{"@id":"https:\/\/lacocinasana.com\/clubcocinasana\/politica-de-cookies\/#breadcrumb"},"inLanguage":"es","potentialAction":[{"@type":"ReadAction","target":["https:\/\/lacocinasana.com\/clubcocinasana\/politica-de-cookies\/"]}]},{"@type":"BreadcrumbList","@id":"https:\/\/lacocinasana.com\/clubcocinasana\/politica-de-cookies\/#breadcrumb","itemListElement":[{"@type":"ListItem","position":1,"name":"Portada","item":"https:\/\/lacocinasana.com\/clubcocinasana\/"},{"@type":"ListItem","position":2,"name":"Pol\u00edtica de cookies"}]},{"@type":"WebSite","@id":"https:\/\/lacocinasana.com\/clubcocinasana\/#website","url":"https:\/\/lacocinasana.com\/clubcocinasana\/","name":"M\u00e9todo Antiinflamatorio de Paola Procell","description":"El m\u00e9todo antiinflamatorio","publisher":{"@id":"https:\/\/lacocinasana.com\/clubcocinasana\/#organization"},"potentialAction":[{"@type":"SearchAction","target":{"@type":"EntryPoint","urlTemplate":"https:\/\/lacocinasana.com\/clubcocinasana\/?s={search_term_string}"},"query-input":"required name=search_term_string"}],"inLanguage":"es"},{"@type":"Organization","@id":"https:\/\/lacocinasana.com\/clubcocinasana\/#organization","name":"La Cocina Sana","url":"https:\/\/lacocinasana.com\/clubcocinasana\/","logo":{"@type":"ImageObject","inLanguage":"es","@id":"https:\/\/lacocinasana.com\/clubcocinasana\/#\/schema\/logo\/image\/","url":"https:\/\/lacocinasana.com\/clubcocinasana\/wp-content\/uploads\/2021\/06\/LOGO_ALLO.png","contentUrl":"https:\/\/lacocinasana.com\/clubcocinasana\/wp-content\/uploads\/2021\/06\/LOGO_ALLO.png","width":535,"height":480,"caption":"La Cocina Sana"},"image":{"@id":"https:\/\/lacocinasana.com\/clubcocinasana\/#\/schema\/logo\/image\/"},"sameAs":["https:\/\/www.facebook.com\/lacocinasanaoficial","https:\/\/www.instagram.com\/paola_cocinasana\/","https:\/\/www.pinterest.es\/lacocinasanaoficial\/_created\/"]}]}},"_links":{"self":[{"href":"https:\/\/lacocinasana.com\/clubcocinasana\/wp-json\/wp\/v2\/pages\/12035","targetHints":{"allow":["GET"]}}],"collection":[{"href":"https:\/\/lacocinasana.com\/clubcocinasana\/wp-json\/wp\/v2\/pages"}],"about":[{"href":"https:\/\/lacocinasana.com\/clubcocinasana\/wp-json\/wp\/v2\/types\/page"}],"author":[{"embeddable":true,"href":"https:\/\/lacocinasana.com\/clubcocinasana\/wp-json\/wp\/v2\/users\/1"}],"replies":[{"embeddable":true,"href":"https:\/\/lacocinasana.com\/clubcocinasana\/wp-json\/wp\/v2\/comments?post=12035"}],"version-history":[{"count":2,"href":"https:\/\/lacocinasana.com\/clubcocinasana\/wp-json\/wp\/v2\/pages\/12035\/revisions"}],"predecessor-version":[{"id":12038,"href":"https:\/\/lacocinasana.com\/clubcocinasana\/wp-json\/wp\/v2\/pages\/12035\/revisions\/12038"}],"wp:attachment":[{"href":"https:\/\/lacocinasana.com\/clubcocinasana\/wp-json\/wp\/v2\/media?parent=12035"}],"curies":[{"name":"wp","href":"https:\/\/api.w.org\/{rel}","templated":true}]}}